{"id":692,"date":"2022-04-25T02:33:57","date_gmt":"2022-04-25T02:33:57","guid":{"rendered":"https:\/\/architect.oceanwp.org\/?page_id=692"},"modified":"2024-02-02T07:51:13","modified_gmt":"2024-02-02T07:51:13","slug":"contact-us","status":"publish","type":"page","link":"https:\/\/imagingshop.es\/?page_id=692","title":{"rendered":"Cont\u00e1ctanos"},"content":{"rendered":"<p>\u00a0 \u00a0\u00a1Descubre c\u00f3mo podemos hacer realidad tus proyectos de impresi\u00f3n! Solicita ahora mismo un presupuesto personalizado y deja que nuestros expertos en impresi\u00f3n te brinden soluciones de calidad adaptadas a tus necesidades.<\/p>\n<h3>\n                                    P\u00eddenos Presupuesto:<br \/>\n                                <\/h3>\n<p role=\"status\" aria-live=\"polite\" aria-atomic=\"true\">\n<ul><\/ul>\n<form action=\"\/imaging\/wp-admin\/admin-ajax.php#wpcf7-f795-o1\" method=\"post\" aria-label=\"Contact form\" novalidate=\"novalidate\" data-status=\"init\">\n<input type=\"hidden\" name=\"_wpcf7\" value=\"795\" \/><br \/>\n<input type=\"hidden\" name=\"_wpcf7_version\" value=\"5.7.7\" \/><br \/>\n<input type=\"hidden\" name=\"_wpcf7_locale\" value=\"en_US\" \/><br \/>\n<input type=\"hidden\" name=\"_wpcf7_unit_tag\" value=\"wpcf7-f795-o1\" \/><br \/>\n<input type=\"hidden\" name=\"_wpcf7_container_post\" value=\"0\" \/><br \/>\n<input type=\"hidden\" name=\"_wpcf7_posted_data_hash\" value=\"\" \/><\/p>\n<p><label><br \/>\n<input size=\"40\" autocomplete=\"name\" aria-required=\"true\" aria-invalid=\"false\" placeholder=\"Deja tu nombre\" value=\"\" type=\"text\" name=\"your-name\" \/> <\/label>\n<\/p>\n<p><label><br \/>\n<input size=\"40\" aria-invalid=\"false\" placeholder=\"Deja tu tel\u00e9fono\" value=\"\" type=\"tel\" name=\"telefono\" \/> <\/label>\n<\/p>\n<p><label><br \/>\n<input size=\"40\" autocomplete=\"email\" aria-required=\"true\" aria-invalid=\"false\" placeholder=\"Deja tu correo Electr\u00f3nico\" value=\"\" type=\"email\" name=\"your-email\" \/> <\/label>\n<\/p>\n<p><label><br \/>\n<textarea cols=\"40\" rows=\"10\" aria-invalid=\"false\" placeholder=\"Deja un mensaje\" name=\"your-message\"><\/textarea> <\/label>\n<\/p>\n<p><label> <label><input type=\"checkbox\" name=\"privacidad\" value=\"1\" aria-invalid=\"false\" \/>He le\u00eddo y acepto la <a href=\"#\"> pol\u00edtica de privacidad. <\/a><\/label><\/label>\n<\/p>\n<p><input type=\"submit\" value=\"Aceptar\" \/>\n<\/p>\n<\/form>\n<style>\/*! elementor - v3.13.3 - 28-05-2023 *\/\n.elementor-widget-image{text-align:center}.elementor-widget-image a{display:inline-block}.elementor-widget-image a img[src$=\".svg\"]{width:48px}.elementor-widget-image img{vertical-align:middle;display:inline-block}<\/style>\n<p>\t\t\t\t\t\t\t\t\t\t\t\t<img decoding=\"async\" width=\"600\" height=\"600\" src=\"https:\/\/imagingshop.es\/wp-content\/uploads\/2023\/06\/colores-vibrantes-que-arremolinan-caos-submarino-futurista-generado-ia-600x600.jpg\" alt=\"\" loading=\"lazy\" srcset=\"https:\/\/imagingshop.es\/wp-content\/uploads\/2023\/06\/colores-vibrantes-que-arremolinan-caos-submarino-futurista-generado-ia-600x600.jpg 600w, https:\/\/imagingshop.es\/wp-content\/uploads\/2023\/06\/colores-vibrantes-que-arremolinan-caos-submarino-futurista-generado-ia-150x150.jpg 150w\" sizes=\"(max-width: 600px) 100vw, 600px\" \/>\n\t\t\t<link rel=\"stylesheet\" href=\"https:\/\/imagingshop.es\/wp-content\/plugins\/elementor\/assets\/css\/widget-icon-box.min.css\">\n<h2>\n\t\t\t\t\t\tTel\u00e9fono<br \/>\n\t\t\t\t<\/h2>\n<p>\n\t\t\t\t\t\t648 828 636\t\t\t\t\t<\/p>\n<p>\t\t\t\t<a href=\"http:\/\/info@imagingshop.es\"><br \/>\n\t\t\t\t\t\t\t\t<\/a><\/p>\n<h2>\n\t\t\t\t\t<a href=\"http:\/\/info@imagingshop.es\" ><br \/>\n\t\t\t\t\t\tEmail\t\t\t\t\t<\/a><br \/>\n\t\t\t\t<\/h2>\n<p>\n\t\t\t\t\t\t&nbsp;<strong><a href=\"mailto:info@imagingshop.es\" rel=\"noreferrer noopener\" target=\"_blank\" style=\"font-family:\" font-size: font-style: font-variant-ligatures: font-variant-caps: font-weight: text-align: white-space-collapse: background-color:>info@imagingshop.es<\/a><\/strong>\t\t\t\t\t<\/p>\n","protected":false},"excerpt":{"rendered":"<p>\u00a0 \u00a0\u00a1Descubre c\u00f3mo podemos hacer realidad tus proyectos de impresi\u00f3n! Solicita ahora mismo un presupuesto personalizado y deja que nuestros expertos en impresi\u00f3n te brinden soluciones de calidad adaptadas a tus necesidades. P\u00eddenos Presupuesto: He le\u00eddo y acepto la pol\u00edtica de privacidad. Tel\u00e9fono 648 828 636 Email &nbsp;info@imagingshop.es<\/p>\n","protected":false},"author":1,"featured_media":0,"parent":0,"menu_order":0,"comment_status":"closed","ping_status":"closed","template":"","meta":{"footnotes":""},"_links":{"self":[{"href":"https:\/\/imagingshop.es\/index.php?rest_route=\/wp\/v2\/pages\/692"}],"collection":[{"href":"https:\/\/imagingshop.es\/index.php?rest_route=\/wp\/v2\/pages"}],"about":[{"href":"https:\/\/imagingshop.es\/index.php?rest_route=\/wp\/v2\/types\/page"}],"author":[{"embeddable":true,"href":"https:\/\/imagingshop.es\/index.php?rest_route=\/wp\/v2\/users\/1"}],"replies":[{"embeddable":true,"href":"https:\/\/imagingshop.es\/index.php?rest_route=%2Fwp%2Fv2%2Fcomments&post=692"}],"version-history":[{"count":109,"href":"https:\/\/imagingshop.es\/index.php?rest_route=\/wp\/v2\/pages\/692\/revisions"}],"predecessor-version":[{"id":1233,"href":"https:\/\/imagingshop.es\/index.php?rest_route=\/wp\/v2\/pages\/692\/revisions\/1233"}],"wp:attachment":[{"href":"https:\/\/imagingshop.es\/index.php?rest_route=%2Fwp%2Fv2%2Fmedia&parent=692"}],"curies":[{"name":"wp","href":"https:\/\/api.w.org\/{rel}","templated":true}]}}